99. Let x = 32 + -68. Let f = k + x. Is f composite?
True
Let u = 682447 - 48353. Is u a composite number?
True
Is (-180)/27*(-434913)/290 a composite number?
True
Suppose 0 = 2*w + 196*o - 197*o - 10322, 0 = 4*o + 24. Is w a composite number?
True
Let u = 8618 - 12713. Let i = u + 8732. Is i composite?
False
Suppose 3*s - 4 = -s. Let u(g) = -9 - 272*g + 6 + 1318*g. Is u(s) composite?
True
Suppose -35*g + 2009906 = -531549. Is g composite?
False
Let b be 2/(-15) + 2 + (-328371)/(-45). Suppose -3*h + b + 522 = 3*j, -5*h - 4*j + 13033 = 0. Is h a composite number?
True
Let p = 243 - 188. Is 10/55 - (-115435)/p composite?
False
Let u = 55 - 51. Suppose 261 = 2*p + 5*c, -5*p + 946 - 336 = u*c. Suppose -1112 = -2*a - p. Is a composite?
True
Suppose 126*f - 128*f = -1044. Let m = f - -2219. Is m a prime number?
True
Suppose -28090460 + 1889786 = -154*x - 104*x. Is x a composite number?
True
Let i be -419 - ((-16)/(-4) + -8). Let j = 2518 + i. Is j composite?
True
Suppose 5*n = -g + 6566, 4*g - 3*g + n - 6562 = 0. Suppose g = 4*m - c, 4*m = -3*c + c + 6546. Is m prime?
False
Is (11092/(-12))/(6/(-18)) prime?
False
Let w = 442040 + -307921. Is w composite?
True
Let a(f) = 7767*f**2 - 112*f - 86. Is a(-9) prime?
False
Suppose -13*p - 2*l + 181 = -8*p, -4*p = -2*l - 134. Is (p/(-7))/15*-12759 a composite number?
False
Suppose -65198 = -2*m - 4*v, 7*m - 5*m - 65210 = 2*v. Is m composite?
False
Let x = 38 - 32. Suppose -11*p + x*p + 4725 = 0. Suppose n - p + 38 = 0. Is n composite?
False
Let k be 6*(41598/(-12))/(-3). Suppose -13*z + 100 = -k. Is z a composite number?
False
Suppose -961084 = -4*t + 4*k + 328296, 0 = k + 6. Is t prime?
True
Suppose 4 = -z + 4. Suppose 0*j - 8*j + 55344 = z. Let p = -4585 + j. Is p a prime number?
True
Let u be (-52)/(-3)*(-12)/(-8). Suppose -23*q = -25*q + u. Let o = 732 + q. Is o a prime number?
False
Let l(v) = v**2 - 6*v - 2. Let d be l(7). Suppose 28*i + d = 29*i. Suppose 5*k - t = -0*t + 10740, 0 = i*k - 2*t - 10735. Is k a composite number?
True
Let n(o) = 4*o + 19. Let w be n(-4). Let y be (w/(-6) - -2)/((-9)/(-12)). Suppose 13 = -3*q + 4, 2*h - 8972 = -y*q. Is h a prime number?
False
Suppose -2*t - 3*d + 512584 = 0, t + d = 4*d + 256301. Suppose 12*q = -q + t. Is q a prime number?
False
Let o = 1581 - 1576. Suppose 0*g = -3*g. Suppose o*c + 2448 - 672 = 3*x, 4*x + 2*c - 2342 = g. Is x prime?
True
Let s(p) = -2*p**3 - 24 - 22 - 17*p**2 + 37 + 5*p - 2*p. Let d be s(-14). Let q = d + -756. Is q prime?
False
Let z = -20 + 22. Suppose 4*f + 4 = 6*a - 2*a, -18 = -2*a - z*f. Suppose -a*c = 4*d - 2558, 3*c - 1548 = d + d. Is c prime?
False
Let y(b) = 3199*b - 24. Let q(h) = -h**2 + h + 27. Let i be q(-4). Is y(i) composite?
False
Let f(r) = -r**3 - 26*r**2 - 28*r - 70. Let n be f(-25). Suppose 0 = 5*i + 4*j + 79126 - 256747, n*j = -i + 35541. Is i a composite number?
False
Let j be (-2)/(-4)*(-8 - (3 + -11)). Suppose j = -2*k + k + 543. Let t = k - -992. Is t a prime number?
False
Is 2/((-691759)/(-62887) + 5/(-1) + -6) a composite number?
True
Let s(q) = -11542*q - 59. Let r be s(-20). Is r/559 + 3*(-2)/(-39) composite?
True
Let j be (12/9)/(52/(-27) + 2). Let z be j - -2105 - 3/(-1). Let n = z + -807. Is n composite?
False
Let k = -4803 + 10472. Is k a prime number?
True
Suppose -4*q = 5289 + 19. Let b = -876 - q. Is b composite?
True
Let x = 3467 - 1850. Suppose -8642 = -1619*r + x*r. Is r composite?
True
Suppose -2*y = -17*i + 13*i + 1840884, -4*y = -2*i + 920442. Is i a composite number?
True
Let z = 46596 - 29659. Is z prime?
True
Suppose -10*y + 758 = -5*s - 6*y, 0 = -s - 2*y - 160. Let o = s + 207. Is o a composite number?
False
Let t be (-4)/40*4*-90. Suppose l - 55 = 2*v, -5*l + 4*v = -t - 263. Let f = l - -28. Is f a composite number?
True
Let m = 368 - 165. Let u = -33 + -79. Let i = u + m. Is i prime?
False
Suppose -5*r + 102 - 12 = 0. Let a be (-6*r)/(4 - 5). Let b = a - -1079. Is b a prime number?
True
Let r(y) = -y**3 + 2*y**2 + y. Let d(j) = -31*j**3 + 13*j**2 + 7*j + 4. Let p(o) = d(o) - 6*r(o). Is p(-5) composite?
True
Let i(q) be the third derivative of 227*q**4/24 + q**3/6 - q**2. Let u be i(1). Suppose 3*c = -w + 52, 3*w - 8*w + c + u = 0. Is w composite?
True
Let l(b) = 1398*b**3 + b**2 - 6*b - 20. Is l(3) a prime number?
True
Suppose -11*k + 10*k = -226436 + 45042. Is k a prime number?
False
Suppose 187*w - 7893086 = 93*w. Is w a composite number?
False
Let i = -976 + 551. Suppose 2*n = -r - 2*n + 718, 2172 = 3*r + 3*n. Let z = r + i. Is z prime?
False
Is 12/(-63)*-632829 + (-40)/(-280) composite?
False
Suppose 3*z + 72*z = 1185825. Suppose -15*f = -z - 2024. Is f prime?
False
Let l(f) = 48*f + 21. Let h(k) = k + 9. Let q be h(-15). Let o be l(q). Let w = 416 + o. Is w prime?
True
Let u = 32 - 32. Suppose -4*l - 2*w + 328 = u, -2*w + 4 = -4. Is (-4)/l*-12 - (-6344)/10 composite?
True
Suppose 27*y = 15*y + 490380. Suppose -20*f = -15*f - y. Is f composite?
True
Let m = 52 - 40. Suppose 4*n + 3*d = d + m, 0 = -d. Is (-10320)/(-35) - n/(-21) prime?
False
Let c = 203 - 198. Suppose 0 = 4*s + 16, 2*s - 2237 = -c*v + 5*s. Is v a composite number?
True
Suppose -25 = -5*u, 4*d + 8*u - 623219 = 9*u. Suppose -26*v = -12*v - d. Is v a prime number?
False
Suppose -1497865 = 5*y - 16*y - 319424. Is y a composite number?
True
Let c = -95 + 92. Is -2 + 15558/18 + (-2)/c a prime number?
True
Suppose 11*y = 6*y. Suppose -4*p = 3*n - 8*p - 41, y = 4*n - 5*p - 53. Suppose 2*h = -2, -4*f - 4438 = -n*f - 5*h. Is f prime?
True
Let h(t) = -t - 5. Let b be h(-7). Suppose -5*g - 3169 = -5*z + 926, -4*z + b*g = -3276. Suppose 0*j - 3*q + z = j, -j + q + 803 = 0. Is j prime?
False
Let z(h) = -3727*h - 2518. Is z(-5) composite?
True
Let f(p) = 4141*p**3 - 5*p**2 - 71*p + 313. Is f(4) prime?
False
Let y(p) = 39586*p**3 + 4*p - 3. Is y(1) prime?
False
Let g = 28728 - -12449. Is g a composite number?
False
Suppose -381*w = -384*w + 322323. Is w prime?
True
Let p(g) = -41 - g**3 + 4*g**3 - 15*g + 2*g + 14*g**2 - 4*g**3. Is p(12) composite?
True
Let c(f) = 5*f**2 - 14*f + 50. Let m(h) be the second derivative of -h**3/2 + 35*h**2/2 - 27*h. Let v be m(6). Is c(v) prime?
False
Let i = -182 - -187. Suppose -i*l = -r + 15551, 2*r - 5*l + 31102 = 4*r. Is r a composite number?
False
Let z = 252737 + -149747. Suppose 17*b = 47*b - z. Is b composite?
False
Let h(o) be the first derivative of o**7/210 - o**6/40 - 11*o**5/120 + 7*o**4/24 + 13*o**3/3 - 15. Let c(x) be the third derivative of h(x). Is c(8) prime?
False
Let b = -122703 - -336340. Is b a prime number?
True
Suppose -92362 = -o + k, 4*k = 2*o - 240411 + 55677. Is o a composite number?
False
Let l(j) be the first derivative of 113*j**6/60 - j**5/120 - j**4/8 + j**3/3 + 10. Let u(v) be the third derivative of l(v). Is u(2) a composite number?
False
Let b = -36 - -118. Suppose -b*h + 83*h = 14953. Is h prime?
False
Let w(v) = 73507*v**2 - 2*v. Let s be w(1). Let n = s + -48111. Is n composite?
True
Let w be (-5 + 2)*(1 + (-402)/9). Let s(o) = -100*o + 0 - w*o + 15*o - 53. Is s(-14) a prime number?
True
Suppose 14*j = 18*j - 97324. Is j composite?
True
Let b = 553 - -263. Suppose l - b = 3*h - 2709, 0 = 4*h - 8. Let y = 1150 - l. Is y a composite number?
False
Suppose 0*l - 45 = -5*l. Suppose 5*h - l*c + 5*c - 5203 = 0, 2*h = -c + 2089. Is h composite?
True
Suppose 3536 = 13*a + 936. Let p be (a/4)/(-2) - (-4 + 2). Let q(y) = 8*y**2 + 53*y - 14. Is q(p) composite?
False
Suppose 5 = 3*q - 4*w, -11 = 2*q + 3*w - 3. Let j be ((-13)/52)/(q/2372). Suppose -2*n = k - j, -891 = -0*n - 3*n - k. Is n a composite number?
True
Let f(v) = 147*v**3 - 5*v**2 - 14*v + 271. Is f(8) prime?
False
Let i = -62542 + 292257. Is i composite?
True
Is ((-44466)/(-18))/(7 + 20/(-3)) prime?
True
Suppose 5*s - 2*t = 503947, 184*s = 179*s - 4*t + 503911. Is s composite?
False
Suppose -870723 = 80*r - 6774323. Is r prime?
False
Let h(v) = -3716*v + 6605. Is h(-6) prime?
True
Let x(s) = 4598*s**2 + 7*s - 7. Let g be x(1). Let d = g + -1497. Is d a composite number?
True
Let s = 298 - 295. Suppose -s*z = -5*k + 27361, -z = 44*k - 48*k + 21886. Is k prime?
True
Suppose -g + 6*g - 4*r - 50 = 0, 5*r + 25 = 0. Let w be 157 - (-3 + g/3). Let v = w + 44. Is v a composite number?
True
Let a = 1525959 - 982120. Is a co